{"id":6013,"date":"2023-04-27T16:02:40","date_gmt":"2023-04-27T14:02:40","guid":{"rendered":"http:\/\/www.kanoko.se\/?post_type=product&#038;p=6013"},"modified":"2026-03-08T09:27:05","modified_gmt":"2026-03-08T07:27:05","slug":"furisode-15-ljusbla-blommor","status":"publish","type":"product","link":"https:\/\/www.kanoko.se\/index.php\/product\/furisode-15-ljusbla-blommor\/","title":{"rendered":"Furisode (15) Ljusbl\u00e5 blommor"},"content":{"rendered":"<p><strong>Furisode\u00a0<\/strong>(med l\u00e5nga armarna)\u00e4r formella kimonos f\u00f6r kvinnor.<\/p>\n<p><strong>\u00c5lder<\/strong>: Ungef\u00e4r 50~60 \u00e5r.<br \/>\n<strong>Teknik<\/strong>: F\u00e4rgad. Handsydd och fodrad.<\/p>\n<p>M\u00e5nga delar av m\u00f6nstren \u00e4r broderade.<\/p>\n<p>Vissa delar av m\u00f6nster \u00e4r Shibori,Shibori,en japanska bind-batikf\u00e4rgning anv\u00e4nds.<\/p>\n<p><strong>Material<\/strong>\u00a0: Siden.(mjuk o l\u00e4tt)<br \/>\n<strong>Skick<\/strong>\u00a0: Begagnad. Mycket bra, n\u00e5gra sm\u00e5 ljusa prickar p\u00e5 \u00e4rmen (bild 20) och missf\u00e4rgning p\u00e5 kragen (bild 21).<\/p>\n<p><strong>M\u00e5tten<\/strong>: Bild\u00a0(bild 22)<\/p>\n<p>*De flesta japanska kvinnas kimono \u00e4r ganska l\u00e5nga f\u00f6r att mitten av kimono vikas in inne i Obi-b\u00e4lte.<\/p>\n","protected":false},"excerpt":{"rendered":"<p><strong>Priset<\/strong>: inklusive moms inom Sverige.<\/p>\n<p><strong>Fri frakt<\/strong> inom Sverige vid k\u00f6p \u00f6ver \u00a01 500 kr<\/p>\n<p><strong>inom Europa<\/strong> vid k\u00f6p \u00f6ver 2500kr (ca,250 euro).For free shipping please contact us before paying for the items.<\/p>\n","protected":false},"featured_media":7979,"comment_status":"open","ping_status":"closed","template":"","meta":[],"product_brand":[],"product_cat":[39],"product_tag":[],"class_list":{"0":"post-6013","1":"product","2":"type-product","3":"status-publish","4":"has-post-thumbnail","6":"product_cat-furisode","8":"first","9":"instock","10":"shipping-taxable","11":"purchasable","12":"product-type-simple"},"_links":{"self":[{"href":"https:\/\/www.kanoko.se\/index.php\/wp-json\/wp\/v2\/product\/6013","targetHints":{"allow":["GET"]}}],"collection":[{"href":"https:\/\/www.kanoko.se\/index.php\/wp-json\/wp\/v2\/product"}],"about":[{"href":"https:\/\/www.kanoko.se\/index.php\/wp-json\/wp\/v2\/types\/product"}],"replies":[{"embeddable":true,"href":"https:\/\/www.kanoko.se\/index.php\/wp-json\/wp\/v2\/comments?post=6013"}],"wp:featuredmedia":[{"embeddable":true,"href":"https:\/\/www.kanoko.se\/index.php\/wp-json\/wp\/v2\/media\/7979"}],"wp:attachment":[{"href":"https:\/\/www.kanoko.se\/index.php\/wp-json\/wp\/v2\/media?parent=6013"}],"wp:term":[{"taxonomy":"product_brand","embeddable":true,"href":"https:\/\/www.kanoko.se\/index.php\/wp-json\/wp\/v2\/product_brand?post=6013"},{"taxonomy":"product_cat","embeddable":true,"href":"https:\/\/www.kanoko.se\/index.php\/wp-json\/wp\/v2\/product_cat?post=6013"},{"taxonomy":"product_tag","embeddable":true,"href":"https:\/\/www.kanoko.se\/index.php\/wp-json\/wp\/v2\/product_tag?post=6013"}],"curies":[{"name":"wp","href":"https:\/\/api.w.org\/{rel}","templated":true}]}}