{"id":10318,"date":"2025-12-05T22:57:44","date_gmt":"2025-12-05T20:57:44","guid":{"rendered":"https:\/\/www.kanoko.se\/?post_type=product&#038;p=10318"},"modified":"2026-04-17T17:25:49","modified_gmt":"2026-04-17T15:25:49","slug":"05-off-white-broderiblommor","status":"publish","type":"product","link":"https:\/\/www.kanoko.se\/index.php\/product\/05-off-white-broderiblommor\/","title":{"rendered":"(05)  Broderi,blommor,Ko-Furisode"},"content":{"rendered":"<p><strong>Ko-Furisode<\/strong>\u00a0(med lite l\u00e4ngre \u00e4rmarna) \u00e4r formella kimonos f\u00f6r kvinnor.<\/p>\n<p><strong>\u00c5lder<\/strong>: Ungef\u00e4r \u00a050-60 \u00e5r.<\/p>\n<p><strong>Teknik<\/strong>:Handsydd och fodrad.<\/p>\n<p>Blommor m\u00f6nster \u00e4r handbroderade.<\/p>\n<p>Hela tyget med \u00a0inv\u00e4vt molnm\u00f6nster.<\/p>\n<p><strong>Material<\/strong>\u00a0: Siden 100%.(len,mjuk,h\u00f6g kvalitet)<br \/>\n<strong>Skick:<\/strong>\u00a0 Begagnad. Mycket bra, n\u00e5gra sm\u00e5 ljusa fl\u00e4ckar i m\u00f6nstren.\u00a0(bild 18,19)<\/p>\n<p><strong>M\u00e5tten<\/strong>: Bild\u00a0(bild 20)<\/p>\n<p>*De flesta japanska kvinnas kimono \u00e4r ganska l\u00e5nga f\u00f6r att mitten av kimono vikas in inne i Obi-b\u00e4lte.<\/p>\n","protected":false},"excerpt":{"rendered":"<p><strong>Priset<\/strong>: inklusive moms inom Sverige.<\/p>\n<p><strong>Fri frakt inom Sverige<\/strong> vid k\u00f6p \u00f6ver \u00a01 500 kr<\/p>\n<p><strong>inom Europa<\/strong> vid k\u00f6p \u00f6ver 2500kr (ca,250 euro).For free shipping please contact us before paying for the items.<\/p>\n","protected":false},"featured_media":10319,"comment_status":"open","ping_status":"closed","template":"","meta":[],"product_brand":[],"product_cat":[113,39],"product_tag":[],"class_list":{"0":"post-10318","1":"product","2":"type-product","3":"status-publish","4":"has-post-thumbnail","6":"product_cat-adventskalender","7":"product_cat-furisode","8":"has_thumb","10":"first","11":"instock","12":"shipping-taxable","13":"purchasable","14":"product-type-simple"},"_links":{"self":[{"href":"https:\/\/www.kanoko.se\/index.php\/wp-json\/wp\/v2\/product\/10318","targetHints":{"allow":["GET"]}}],"collection":[{"href":"https:\/\/www.kanoko.se\/index.php\/wp-json\/wp\/v2\/product"}],"about":[{"href":"https:\/\/www.kanoko.se\/index.php\/wp-json\/wp\/v2\/types\/product"}],"replies":[{"embeddable":true,"href":"https:\/\/www.kanoko.se\/index.php\/wp-json\/wp\/v2\/comments?post=10318"}],"wp:featuredmedia":[{"embeddable":true,"href":"https:\/\/www.kanoko.se\/index.php\/wp-json\/wp\/v2\/media\/10319"}],"wp:attachment":[{"href":"https:\/\/www.kanoko.se\/index.php\/wp-json\/wp\/v2\/media?parent=10318"}],"wp:term":[{"taxonomy":"product_brand","embeddable":true,"href":"https:\/\/www.kanoko.se\/index.php\/wp-json\/wp\/v2\/product_brand?post=10318"},{"taxonomy":"product_cat","embeddable":true,"href":"https:\/\/www.kanoko.se\/index.php\/wp-json\/wp\/v2\/product_cat?post=10318"},{"taxonomy":"product_tag","embeddable":true,"href":"https:\/\/www.kanoko.se\/index.php\/wp-json\/wp\/v2\/product_tag?post=10318"}],"curies":[{"name":"wp","href":"https:\/\/api.w.org\/{rel}","templated":true}]}}